{"id":1832,"date":"2024-05-18T09:49:02","date_gmt":"2024-05-18T09:49:02","guid":{"rendered":"https:\/\/bakfickanumea.se\/?page_id=1832"},"modified":"2025-06-21T22:28:12","modified_gmt":"2025-06-21T22:28:12","slug":"colibri-1832","status":"publish","type":"page","link":"https:\/\/bakfickanumea.se\/?page_id=1832","title":{"rendered":"Styrelse 2025"},"content":{"rendered":"<div data-colibri-id=\"1832-c1\" class=\"style-483 style-local-1832-c1 position-relative\">\n  <!---->\n  <div data-colibri-component=\"section\" data-colibri-id=\"1832-c2\" id=\"team\" class=\"h-section h-section-global-spacing d-flex align-items-lg-center align-items-md-center align-items-center style-484 style-local-1832-c2 position-relative\">\n    <!---->\n    <!---->\n    <div class=\"h-section-grid-container h-section-boxed-container\">\n      <!---->\n      <div data-colibri-id=\"1832-c3\" class=\"h-row-container gutters-row-lg-2 gutters-row-md-2 gutters-row-2 gutters-row-v-lg-2 gutters-row-v-md-2 gutters-row-v-2 style-485 style-local-1832-c3 position-relative\">\n        <!---->\n        <div class=\"h-row justify-content-lg-center justify-content-md-center justify-content-center align-items-lg-stretch align-items-md-stretch align-items-stretch gutters-col-lg-2 gutters-col-md-2 gutters-col-2 gutters-col-v-lg-2 gutters-col-v-md-2 gutters-col-v-2\">\n          <!---->\n          <div class=\"h-column h-column-container d-flex h-col-lg-3 h-col-md-6 h-col-12 style-486-outer style-local-1832-c4-outer\">\n            <div data-colibri-id=\"1832-c4\" class=\"d-flex h-flex-basis h-column__inner h-px-lg-0 h-px-md-0 h-px-0 v-inner-lg-0 v-inner-md-0 v-inner-0 style-486 style-local-1832-c4 position-relative\">\n              <!---->\n              <!---->\n              <div class=\"w-100 h-y-container h-column__content h-column__v-align flex-basis-100 align-self-lg-start align-self-md-start align-self-start\">\n                <!---->\n                <div data-colibri-id=\"1832-c6\" class=\"h-row-container gutters-row-lg-0 gutters-row-md-0 gutters-row-0 gutters-row-v-lg-0 gutters-row-v-md-0 gutters-row-v-0 style-488 style-local-1832-c6 position-relative\">\n                  <!---->\n                  <div class=\"h-row justify-content-lg-center justify-content-md-center justify-content-center align-items-lg-stretch align-items-md-stretch align-items-stretch gutters-col-lg-0 gutters-col-md-0 gutters-col-0 gutters-col-v-lg-0 gutters-col-v-md-0 gutters-col-v-0\">\n                    <!---->\n                    <div class=\"h-column h-column-container d-flex h-col-lg-auto h-col-md-auto h-col-auto style-489-outer style-local-1832-c7-outer\">\n                      <div data-colibri-id=\"1832-c7\" class=\"d-flex h-flex-basis h-column__inner h-px-lg-2 h-px-md-2 h-px-2 v-inner-lg-2 v-inner-md-2 v-inner-2 style-489 style-local-1832-c7 position-relative\">\n                        <!---->\n                        <!---->\n                        <div class=\"w-100 h-y-container h-column__content h-column__v-align flex-basis-100 align-self-lg-start align-self-md-start align-self-start\">\n                          <!---->\n                          <div data-colibri-id=\"1832-c11\" class=\"d-block style-487 style-local-1832-c11 position-relative h-element\">\n                            <!---->\n                            <div class=\"h-image__frame-container-outer\">\n                              <div class=\"h-image__frame-container\">\n                                <!---->\n                                <!---->\n                                <img loading=\"lazy\" decoding=\"async\" width=\"853\" height=\"853\" src=\"https:\/\/bakfickanumea.se\/wp-content\/uploads\/2024\/05\/cropped-cropped-sunflower-3550693_1280.jpg\" class=\"wp-image-5317 style-487-image style-local-1832-c11-image\" alt=\"\" srcset=\"https:\/\/bakfickanumea.se\/wp-content\/uploads\/2024\/05\/cropped-cropped-sunflower-3550693_1280.jpg 853w, https:\/\/bakfickanumea.se\/wp-content\/uploads\/2024\/05\/cropped-cropped-sunflower-3550693_1280-300x300.jpg 300w, https:\/\/bakfickanumea.se\/wp-content\/uploads\/2024\/05\/cropped-cropped-sunflower-3550693_1280-150x150.jpg 150w, https:\/\/bakfickanumea.se\/wp-content\/uploads\/2024\/05\/cropped-cropped-sunflower-3550693_1280-768x768.jpg 768w\" sizes=\"auto, (max-width: 853px) 100vw, 853px\" \/>\n                                <div class=\"h-image__frame h-hide-lg h-hide-md h-hide-sm style-487-frameImage style-local-1832-c11-frameImage\"><\/div>\n                              <\/div>\n                            <\/div>\n                          <\/div>\n                          <div data-colibri-id=\"1832-c8\" class=\"h-global-transition-all h-heading style-490 style-local-1832-c8 position-relative h-element\">\n                            <!---->\n                            <div class=\"h-heading__outer style-490 style-local-1832-c8\">\n                              <!---->\n                              <!---->\n                              <h4 class=\"\">Axel Wikz\u00e9n<\/h4>\n                            <\/div>\n                          <\/div>\n                          <div data-colibri-id=\"1832-c9\" class=\"h-text h-text-component style-491 style-local-1832-c9 position-relative h-element\">\n                            <!---->\n                            <!---->\n                            <div class=\"\">\n                              <p>Ordf\u00f6rande<\/p>\n                            <\/div>\n                          <\/div>\n                        <\/div>\n                      <\/div>\n                    <\/div>\n                  <\/div>\n                <\/div>\n              <\/div>\n            <\/div>\n          <\/div>\n          <div class=\"h-column h-column-container d-flex h-col-lg-3 h-col-md-6 h-col-12 style-486-outer style-local-1832-c10-outer\">\n            <div data-colibri-id=\"1832-c10\" class=\"d-flex h-flex-basis h-column__inner h-px-lg-0 h-px-md-0 h-px-0 v-inner-lg-0 v-inner-md-0 v-inner-0 style-486 style-local-1832-c10 position-relative\">\n              <!---->\n              <!---->\n              <div class=\"w-100 h-y-container h-column__content h-column__v-align flex-basis-100 align-self-lg-start align-self-md-start align-self-start\">\n                <!---->\n                <div data-colibri-id=\"1832-c5\" class=\"d-block style-487 style-local-1832-c5 position-relative h-element\">\n                  <!---->\n                  <div class=\"h-image__frame-container-outer\">\n                    <div class=\"h-image__frame-container\">\n                      <!---->\n                      <!---->\n                      <img loading=\"lazy\" decoding=\"async\" width=\"298\" height=\"298\" src=\"https:\/\/bakfickanumea.se\/wp-content\/uploads\/2024\/05\/cropped-cropped-patrictengstrom-298x393-1.jpg\" class=\"wp-image-5315 style-487-image style-local-1832-c5-image\" alt=\"\" srcset=\"https:\/\/bakfickanumea.se\/wp-content\/uploads\/2024\/05\/cropped-cropped-patrictengstrom-298x393-1.jpg 298w, https:\/\/bakfickanumea.se\/wp-content\/uploads\/2024\/05\/cropped-cropped-patrictengstrom-298x393-1-150x150.jpg 150w\" sizes=\"auto, (max-width: 298px) 100vw, 298px\" \/>\n                      <div class=\"h-image__frame h-hide-lg h-hide-md h-hide-sm style-487-frameImage style-local-1832-c5-frameImage\"><\/div>\n                    <\/div>\n                  <\/div>\n                <\/div>\n                <div data-colibri-id=\"1832-c12\" class=\"h-row-container gutters-row-lg-0 gutters-row-md-0 gutters-row-0 gutters-row-v-lg-0 gutters-row-v-md-0 gutters-row-v-0 style-488 style-local-1832-c12 position-relative\">\n                  <!---->\n                  <div class=\"h-row justify-content-lg-center justify-content-md-center justify-content-center align-items-lg-stretch align-items-md-stretch align-items-stretch gutters-col-lg-0 gutters-col-md-0 gutters-col-0 gutters-col-v-lg-0 gutters-col-v-md-0 gutters-col-v-0\">\n                    <!---->\n                    <div class=\"h-column h-column-container d-flex h-col-lg-auto h-col-md-auto h-col-auto style-489-outer style-local-1832-c13-outer\">\n                      <div data-colibri-id=\"1832-c13\" class=\"d-flex h-flex-basis h-column__inner h-px-lg-2 h-px-md-2 h-px-2 v-inner-lg-2 v-inner-md-2 v-inner-2 style-489 style-local-1832-c13 position-relative\">\n                        <!---->\n                        <!---->\n                        <div class=\"w-100 h-y-container h-column__content h-column__v-align flex-basis-100 align-self-lg-start align-self-md-start align-self-start\">\n                          <!---->\n                          <div data-colibri-id=\"1832-c14\" class=\"h-global-transition-all h-heading style-490 style-local-1832-c14 position-relative h-element\">\n                            <!---->\n                            <div class=\"h-heading__outer style-490 style-local-1832-c14\">\n                              <!---->\n                              <!---->\n                              <h4 class=\"\">Patric Tengstr\u00f6m<\/h4>\n                            <\/div>\n                          <\/div>\n                          <div data-colibri-id=\"1832-c15\" class=\"h-text h-text-component style-491 style-local-1832-c15 position-relative h-element\">\n                            <!---->\n                            <!---->\n                            <div class=\"\">\n                              <p>Kass\u00f6r<\/p>\n                            <\/div>\n                          <\/div>\n                        <\/div>\n                      <\/div>\n                    <\/div>\n                  <\/div>\n                <\/div>\n              <\/div>\n            <\/div>\n          <\/div>\n          <div class=\"h-column h-column-container d-flex h-col-lg-3 h-col-md-6 h-col-12 style-486-outer style-local-1832-c16-outer\">\n            <div data-colibri-id=\"1832-c16\" class=\"d-flex h-flex-basis h-column__inner h-px-lg-0 h-px-md-0 h-px-0 v-inner-lg-0 v-inner-md-0 v-inner-0 style-486 style-local-1832-c16 position-relative\">\n              <!---->\n              <!---->\n              <div class=\"w-100 h-y-container h-column__content h-column__v-align flex-basis-100 align-self-lg-start align-self-md-start align-self-start\">\n                <!---->\n                <div data-colibri-id=\"1832-c17\" class=\"d-block style-487 style-local-1832-c17 position-relative h-element\">\n                  <!---->\n                  <div class=\"h-image__frame-container-outer\">\n                    <div class=\"h-image__frame-container\">\n                      <!---->\n                      <!---->\n                      <img loading=\"lazy\" decoding=\"async\" width=\"600\" height=\"600\" src=\"https:\/\/bakfickanumea.se\/wp-content\/uploads\/2024\/05\/Untitled-1.jpg\" class=\"wp-image-1637 style-487-image style-local-1832-c17-image\" alt=\"\" srcset=\"https:\/\/bakfickanumea.se\/wp-content\/uploads\/2024\/05\/Untitled-1.jpg 600w, https:\/\/bakfickanumea.se\/wp-content\/uploads\/2024\/05\/Untitled-1-300x300.jpg 300w, https:\/\/bakfickanumea.se\/wp-content\/uploads\/2024\/05\/Untitled-1-150x150.jpg 150w\" sizes=\"auto, (max-width: 600px) 100vw, 600px\" \/>\n                      <div class=\"h-image__frame h-hide-lg h-hide-md h-hide-sm style-487-frameImage style-local-1832-c17-frameImage\"><\/div>\n                    <\/div>\n                  <\/div>\n                <\/div>\n                <div data-colibri-id=\"1832-c18\" class=\"h-row-container gutters-row-lg-0 gutters-row-md-0 gutters-row-0 gutters-row-v-lg-0 gutters-row-v-md-0 gutters-row-v-0 style-488 style-local-1832-c18 position-relative\">\n                  <!---->\n                  <div class=\"h-row justify-content-lg-center justify-content-md-center justify-content-center align-items-lg-stretch align-items-md-stretch align-items-stretch gutters-col-lg-0 gutters-col-md-0 gutters-col-0 gutters-col-v-lg-0 gutters-col-v-md-0 gutters-col-v-0\">\n                    <!---->\n                    <div class=\"h-column h-column-container d-flex h-col-lg-auto h-col-md-auto h-col-auto style-489-outer style-local-1832-c19-outer\">\n                      <div data-colibri-id=\"1832-c19\" class=\"d-flex h-flex-basis h-column__inner h-px-lg-2 h-px-md-2 h-px-2 v-inner-lg-2 v-inner-md-2 v-inner-2 style-489 style-local-1832-c19 position-relative\">\n                        <!---->\n                        <!---->\n                        <div class=\"w-100 h-y-container h-column__content h-column__v-align flex-basis-100 align-self-lg-start align-self-md-start align-self-start\">\n                          <!---->\n                          <div data-colibri-id=\"1832-c20\" class=\"h-global-transition-all h-heading style-490 style-local-1832-c20 position-relative h-element\">\n                            <!---->\n                            <div class=\"h-heading__outer style-490 style-local-1832-c20\">\n                              <!---->\n                              <!---->\n                              <h4 class=\"\">Annika Grahn<\/h4>\n                            <\/div>\n                          <\/div>\n                          <div data-colibri-id=\"1832-c21\" class=\"h-text h-text-component style-491 style-local-1832-c21 position-relative h-element\">\n                            <!---->\n                            <!---->\n                            <div class=\"\">\n                              <p>Ledamot<\/p>\n                            <\/div>\n                          <\/div>\n                        <\/div>\n                      <\/div>\n                    <\/div>\n                  <\/div>\n                <\/div>\n              <\/div>\n            <\/div>\n          <\/div>\n          <div class=\"h-column h-column-container d-flex h-col-lg-3 h-col-md-6 h-col-12 style-1495-outer style-local-1832-c40-outer\">\n            <div data-colibri-id=\"1832-c40\" class=\"d-flex h-flex-basis h-column__inner h-px-lg-2 h-px-md-2 h-px-2 v-inner-lg-2 v-inner-md-2 v-inner-2 style-1495 style-local-1832-c40 position-relative\">\n              <!---->\n              <!---->\n              <div class=\"w-100 h-y-container h-column__content h-column__v-align flex-basis-100 align-self-lg-start align-self-md-start align-self-start\">\n                <!---->\n                <div data-colibri-id=\"1832-c25\" class=\"d-block style-516 style-local-1832-c25 position-relative h-element\">\n                  <!---->\n                  <div class=\"h-image__frame-container-outer\">\n                    <div class=\"h-image__frame-container\">\n                      <!---->\n                      <!---->\n                      <img loading=\"lazy\" decoding=\"async\" width=\"853\" height=\"853\" src=\"https:\/\/bakfickanumea.se\/wp-content\/uploads\/2024\/05\/cropped-cropped-cropped-sunflower-3550693_1280.jpg\" class=\"wp-image-5318 style-516-image style-local-1832-c25-image\" alt=\"\" srcset=\"https:\/\/bakfickanumea.se\/wp-content\/uploads\/2024\/05\/cropped-cropped-cropped-sunflower-3550693_1280.jpg 853w, https:\/\/bakfickanumea.se\/wp-content\/uploads\/2024\/05\/cropped-cropped-cropped-sunflower-3550693_1280-300x300.jpg 300w, https:\/\/bakfickanumea.se\/wp-content\/uploads\/2024\/05\/cropped-cropped-cropped-sunflower-3550693_1280-150x150.jpg 150w, https:\/\/bakfickanumea.se\/wp-content\/uploads\/2024\/05\/cropped-cropped-cropped-sunflower-3550693_1280-768x768.jpg 768w\" sizes=\"auto, (max-width: 853px) 100vw, 853px\" \/>\n                      <div class=\"h-image__frame h-hide-lg h-hide-md h-hide-sm style-516-frameImage style-local-1832-c25-frameImage\"><\/div>\n                    <\/div>\n                  <\/div>\n                <\/div>\n                <div data-colibri-id=\"1832-c43\" class=\"h-global-transition-all h-heading style-519 style-local-1832-c43 position-relative h-element\">\n                  <!---->\n                  <div class=\"h-heading__outer style-519 style-local-1832-c43\">\n                    <!---->\n                    <!---->\n                    <h4 class=\"\">Niklas Hellman<\/h4>\n                  <\/div>\n                <\/div>\n                <div data-colibri-id=\"1832-c44\" class=\"h-text h-text-component style-520 style-local-1832-c44 position-relative h-element\">\n                  <!---->\n                  <!---->\n                  <div class=\"\">\n                    <p>Ledamot<\/p>\n                  <\/div>\n                <\/div>\n              <\/div>\n            <\/div>\n          <\/div>\n        <\/div>\n      <\/div>\n    <\/div>\n  <\/div>\n  <div data-colibri-component=\"section\" data-colibri-id=\"1832-c22\" id=\"team-3\" class=\"h-section h-section-global-spacing d-flex align-items-lg-center align-items-md-center align-items-center style-513 style-local-1832-c22 position-relative\">\n    <!---->\n    <!---->\n    <div class=\"h-section-grid-container h-section-boxed-container\">\n      <!---->\n      <div data-colibri-id=\"1832-c23\" class=\"h-row-container gutters-row-lg-2 gutters-row-md-2 gutters-row-2 gutters-row-v-lg-2 gutters-row-v-md-2 gutters-row-v-2 style-514 style-local-1832-c23 position-relative\">\n        <!---->\n        <div class=\"h-row justify-content-lg-center justify-content-md-center justify-content-center align-items-lg-stretch align-items-md-stretch align-items-stretch gutters-col-lg-2 gutters-col-md-2 gutters-col-2 gutters-col-v-lg-2 gutters-col-v-md-2 gutters-col-v-2\">\n          <!---->\n          <div class=\"h-column h-column-container d-flex h-col-lg-3 h-col-md-6 h-col-12 style-515-outer style-local-1832-c24-outer\">\n            <div data-colibri-id=\"1832-c24\" class=\"d-flex h-flex-basis h-column__inner h-ui-empty-state-container h-px-lg-0 h-px-md-0 h-px-0 v-inner-lg-0 v-inner-md-0 v-inner-0 style-515 style-local-1832-c24 position-relative\">\n              <!---->\n              <!---->\n              <div class=\"w-100 h-y-container h-column__content h-column__v-align flex-basis-100\">\n                <!---->\n              <\/div>\n            <\/div>\n          <\/div>\n        <\/div>\n      <\/div>\n    <\/div>\n  <\/div>\n<\/div>","protected":false},"excerpt":{"rendered":"<p>Axel Wikz\u00e9n Ordf\u00f6rande Patric Tengstr\u00f6m Kass\u00f6r Annika Grahn Ledamot Niklas Hellman Ledamot<\/p>\n","protected":false},"author":10,"featured_media":0,"parent":0,"menu_order":0,"comment_status":"closed","ping_status":"closed","template":"page-templates\/full-width-page.php","meta":{"footnotes":""},"class_list":["post-1832","page","type-page","status-publish","hentry"],"_links":{"self":[{"href":"https:\/\/bakfickanumea.se\/index.php?rest_route=\/wp\/v2\/pages\/1832","targetHints":{"allow":["GET"]}}],"collection":[{"href":"https:\/\/bakfickanumea.se\/index.php?rest_route=\/wp\/v2\/pages"}],"about":[{"href":"https:\/\/bakfickanumea.se\/index.php?rest_route=\/wp\/v2\/types\/page"}],"author":[{"embeddable":true,"href":"https:\/\/bakfickanumea.se\/index.php?rest_route=\/wp\/v2\/users\/10"}],"replies":[{"embeddable":true,"href":"https:\/\/bakfickanumea.se\/index.php?rest_route=%2Fwp%2Fv2%2Fcomments&post=1832"}],"version-history":[{"count":13,"href":"https:\/\/bakfickanumea.se\/index.php?rest_route=\/wp\/v2\/pages\/1832\/revisions"}],"predecessor-version":[{"id":5978,"href":"https:\/\/bakfickanumea.se\/index.php?rest_route=\/wp\/v2\/pages\/1832\/revisions\/5978"}],"wp:attachment":[{"href":"https:\/\/bakfickanumea.se\/index.php?rest_route=%2Fwp%2Fv2%2Fmedia&parent=1832"}],"curies":[{"name":"wp","href":"https:\/\/api.w.org\/{rel}","templated":true}]}}