{"id":3212,"date":"2024-05-21T18:39:29","date_gmt":"2024-05-21T18:39:29","guid":{"rendered":"https:\/\/bakfickanumea.se\/?page_id=3212"},"modified":"2024-05-21T18:49:56","modified_gmt":"2024-05-21T18:49:56","slug":"volontar","status":"publish","type":"page","link":"https:\/\/bakfickanumea.se\/?page_id=3212","title":{"rendered":"Volont\u00e4r"},"content":{"rendered":"<div data-colibri-id=\"3212-c1\" class=\"style-891 style-local-3212-c1 position-relative\">\n  <!---->\n  <div data-colibri-component=\"section\" data-colibri-id=\"3212-c9\" id=\"about-2\" class=\"h-section h-section-global-spacing d-flex align-items-lg-center align-items-md-center align-items-center style-899 style-local-3212-c9 position-relative\">\n    <!---->\n    <!---->\n    <div class=\"h-section-grid-container h-section-boxed-container\">\n      <!---->\n      <div data-colibri-id=\"3212-c10\" class=\"h-row-container gutters-row-lg-0 gutters-row-md-0 gutters-row-0 gutters-row-v-lg-0 gutters-row-v-md-0 gutters-row-v-0 style-900 style-local-3212-c10 position-relative\">\n        <!---->\n        <div class=\"h-row justify-content-lg-center justify-content-md-center justify-content-center align-items-lg-stretch align-items-md-stretch align-items-stretch gutters-col-lg-0 gutters-col-md-0 gutters-col-0 gutters-col-v-lg-0 gutters-col-v-md-0 gutters-col-v-0\">\n          <!---->\n          <div class=\"h-column h-column-container d-flex h-col-lg-auto h-col-md-auto h-col-auto style-901-outer style-local-3212-c11-outer\">\n            <div data-colibri-id=\"3212-c11\" class=\"d-flex h-flex-basis h-column__inner h-px-lg-0 h-px-md-0 h-px-0 v-inner-lg-0 v-inner-md-0 v-inner-0 style-901 style-local-3212-c11 position-relative\">\n              <!---->\n              <!---->\n              <div class=\"w-100 h-y-container h-column__content h-column__v-align flex-basis-100 align-self-lg-start align-self-md-start align-self-start\">\n                <!---->\n                <div data-colibri-id=\"3212-c13\" class=\"h-global-transition-all h-heading style-903 style-local-3212-c13 position-relative h-element\">\n                  <!---->\n                  <div class=\"h-heading__outer style-903 style-local-3212-c13\">\n                    <!---->\n                    <!---->\n                    <h2 class=\"\">Vi beh\u00f6ver dig!<\/h2>\n                  <\/div>\n                <\/div>\n                <div data-colibri-id=\"3212-c14\" class=\"h-text h-text-component style-904 style-local-3212-c14 position-relative h-element\">\n                  <!---->\n                  <!---->\n                  <div class=\"\">\n                    <p><span style=\"color: rgb(70, 112, 127); font-family: &quot;Open Sans&quot;; font-size: 16px; font-weight: 400;\">Vi s\u00f6ker volont\u00e4rer till v\u00e5r verksamhet b\u00e5de dagtid och till onsdagskv\u00e4llarna.&nbsp;<\/span>\n                      <br>\n                      <br><span style=\"color: rgb(70, 112, 127); font-family: &quot;Open Sans&quot;; font-size: 16px; font-weight: 400;\">Uppgifterna \u00e4r varierande och du kommer alltid att arbeta tillsammans med en av v\u00e5ra anst\u00e4llda.&nbsp;<\/span>\n                      <br><span style=\"color: rgb(70, 112, 127); font-family: &quot;Open Sans&quot;; font-size: 16px; font-weight: 400;\">H\u00f6r av dig till oss!<\/span><\/p>\n                    <p><span style=\"color: rgb(70, 112, 127); font-family: &quot;Open Sans&quot;; font-size: 16px; font-weight: 400;\">Tel. 076- 800 21 38<\/span>\n                      <br>\n                    <\/p>\n                    <p>E-post. info@bakfickanumea.se<\/p>\n                    <p>\n                      <br>\n                    <\/p>\n                    <p>\n                      <br>\n                    <\/p>\n                    <p>\n                      <br>\n                    <\/p>\n                  <\/div>\n                <\/div>\n              <\/div>\n            <\/div>\n          <\/div>\n          <div class=\"h-column h-column-container d-flex h-col-lg-auto h-col-md-auto h-col-auto style-905-outer style-local-3212-c15-outer\">\n            <div data-colibri-id=\"3212-c15\" class=\"d-flex h-flex-basis h-column__inner h-ui-empty-state-container h-px-lg-2 h-px-md-2 h-px-2 v-inner-lg-2 v-inner-md-2 v-inner-2 style-905 style-local-3212-c15 position-relative\">\n              <!---->\n              <!---->\n              <div class=\"w-100 h-y-container h-column__content h-column__v-align flex-basis-100\">\n                <!---->\n              <\/div>\n            <\/div>\n          <\/div>\n        <\/div>\n      <\/div>\n    <\/div>\n  <\/div>\n<\/div>","protected":false},"excerpt":{"rendered":"<p>Vi beh\u00f6ver dig! Vi s\u00f6ker volont\u00e4rer till v\u00e5r verksamhet b\u00e5de dagtid och till onsdagskv\u00e4llarna.&nbsp; Uppgifterna \u00e4r varierande och du kommer alltid att arbeta tillsammans med en av v\u00e5ra anst\u00e4llda.&nbsp; H\u00f6r av dig till oss! Tel. 076- 800 21 38 E-post. info@bakfickanumea.se<\/p>\n","protected":false},"author":10,"featured_media":0,"parent":0,"menu_order":0,"comment_status":"closed","ping_status":"closed","template":"page-templates\/full-width-page.php","meta":{"footnotes":""},"class_list":["post-3212","page","type-page","status-publish","hentry"],"_links":{"self":[{"href":"https:\/\/bakfickanumea.se\/index.php?rest_route=\/wp\/v2\/pages\/3212","targetHints":{"allow":["GET"]}}],"collection":[{"href":"https:\/\/bakfickanumea.se\/index.php?rest_route=\/wp\/v2\/pages"}],"about":[{"href":"https:\/\/bakfickanumea.se\/index.php?rest_route=\/wp\/v2\/types\/page"}],"author":[{"embeddable":true,"href":"https:\/\/bakfickanumea.se\/index.php?rest_route=\/wp\/v2\/users\/10"}],"replies":[{"embeddable":true,"href":"https:\/\/bakfickanumea.se\/index.php?rest_route=%2Fwp%2Fv2%2Fcomments&post=3212"}],"version-history":[{"count":2,"href":"https:\/\/bakfickanumea.se\/index.php?rest_route=\/wp\/v2\/pages\/3212\/revisions"}],"predecessor-version":[{"id":3216,"href":"https:\/\/bakfickanumea.se\/index.php?rest_route=\/wp\/v2\/pages\/3212\/revisions\/3216"}],"wp:attachment":[{"href":"https:\/\/bakfickanumea.se\/index.php?rest_route=%2Fwp%2Fv2%2Fmedia&parent=3212"}],"curies":[{"name":"wp","href":"https:\/\/api.w.org\/{rel}","templated":true}]}}